l(b) = -b**3 + 14*b**2 - 23*b + 350. What is l(11)?
460
Let d(w) = 2*w**2 + 22*w - 259. Give d(12).
293
Let s(f) = -f**2 + 14*f + 13. Calculate s(11).
46
Let u(g) = 70*g - 5601. What is u(80)?
-1
Let b(w) = -w**3 + 16*w**2 + 59*w - 4. Determine b(-5).
226
Let r(m) = -8*m**3 + 62*m**2 + 19*m - 21. Calculate r(8).
3
Let z(r) = -19*r + 88. Calculate z(16).
-216
Let z(k) = 74*k**2 + 592*k - 5. Determine z(-8).
-5
Let b(z) = 52*z + 267. What is b(-3)?
111
Let o(t) = t**3 - t**2 - 4*t - 229. Give o(0).
-229
Let q(v) = v**2 - 95*v - 940. Calculate q(-9).
-4
Let v(f) = 2*f**3 - 25*f**2 - 23*f - 50. Determine v(13).
-180
Let t(n) = 4*n**2 + 161*n + 105. What is t(-39)?
-90
Let y(n) = -138*n + 685. Determine y(5).
-5
Let b(p) = 9*p**3 + 80*p**2 + 4*p + 66. Calculate b(-9).
-51
Let d(q) = -44*q + 289. Give d(6).
25
Let b(z) = 2*z**3 - 84*z**2 - 30*z + 1250. Give b(42).
-10
Let o(j) = j**2 + 226*j + 1114. Give o(-221).
9
Let g(f) = -f**3 - 104*f**2 - 316*f - 1305. What is g(-101)?
8
Let q(g) = 3*g**3 + 262*g**2 - 448*g - 282. Give q(-89).
-15
Let g(l) = -2215*l + 8833. What is g(4)?
-27
Let o(b) = b**3 - 12*b**2 - 37*b - 29. Determine o(14).
-155
Let v(o) = -211*o - 4215. What is v(-20)?
5
Let d(l) = 15*l**2 + 49*l - 780. Give d(-9).
-6
Let a(d) = 2*d**2 + 24*d - 3. What is a(-17)?
167
Let t(q) = -q**3 + 57*q**2 + 10*q - 462. Give t(57).
108
Let a(c) = -c**2 + 905*c - 4490. Calculate a(5).
10
Let t(m) = -7659*m + 61278. Calculate t(8).
6
Let g(c) = -c**2 - 46*c + 1071. Give g(17).
0
Let s(y) = -973*y - 1990. Determine s(-2).
-44
Let a(r) = -r**2 - 92*r + 25111. Determine a(119).
2
Let d(t) = t**3 + 2*t**2 + 4*t + 234. Determine d(0).
234
Let w(f) = -2*f**2 - 167*f + 274. Give w(-85).
19
Let f(z) = 223*z - 3468. What is f(16)?
100
Let i(w) = -w**3 - 60*w**2 + 113*w - 685. Determine i(-62).
-3
Let v(m) = 19*m + 1964. Calculate v(-104).
-12
Let k(a) = 2*a**3 + 41*a**2 + 114*a - 33. Determine k(-17).
52
Let h(k) = -176*k**2 - 1061*k - 34. Give h(-6).
-4
Let c(m) = -6*m - 231. Calculate c(-15).
-141
Let w(x) = -107*x**3 + x + 2. Determine w(-1).
108
Let x(g) = g**2 - 17*g + 84. Give x(20).
144
Let r(p) = p**2 - 29*p - 617. Give r(0).
-617
Let o(i) = -6*i**2 + 326*i - 422. Determine o(53).
2
Let r(y) = y**2 + 113*y - 1648. What is r(13)?
-10
Let m(t) = t**3 + 12*t**2 + 17*t + 46. Calculate m(-5).
136
Let k(s) = -361*s - 9009. Determine k(-25).
16
Let b(l) = l**2 + 9*l - 12. Calculate b(2).
10
Let j(h) = -65*h + 1097. Determine j(17).
-8
Let k(s) = s**2 - 18*s - 74. Give k(21).
-11
Let m(y) = 10*y**2 + 30*y + 81. Calculate m(-3).
81
Let u(n) = 397*n - 1151. Calculate u(3).
40
Let r(g) = 4*g**3 - 25*g**2 + 4*g + 16. Determine r(6).
4
Let q(b) = -25*b + 222. Calculate q(16).
-178
Let d(i) = i**3 + 39*i**2 + 326*i + 11. Determine d(-27).
-43
Let a(g) = 119*g - 1297. Give a(11).
12
Let b(x) = -x**3 + x**2 + x. What is b(-2)?
10
Let s(g) = 3*g**3 - 907*g**2 + 304*g - 610. Determine s(302).
-6
Let a(j) = j**3 + 13*j**2 - 11*j - 39. What is a(-13)?
104
Let f(g) = -3*g**2 + 176*g - 1505. Determine f(48).
31
Let l(d) = -d**2 + 123*d + 5894. Determine l(-37).
-26
Let o(z) = -520*z - 6230. Determine o(-12).
10
Let h(a) = 37*a - 219. Determine h(12).
225
Let o(p) = 48*p**3 + 335*p**2 + 19*p + 180. What is o(-7)?
-2
Let x(s) = -s**3 - s**2 - 3*s + 8. Give x(-5).
123
Let n(q) = 4*q**2 + 10*q - 40. What is n(3)?
26
Let m(k) = -179*k - 276. Calculate m(-3).
261
Let k(x) = 7*x**2 - 77*x + 40. Give k(10).
-30
Let h(z) = 11*z**3 + 15*z**2 - 302*z + 15. Calculate h(-6).
-9
Let m(f) = f**3 + 40*f**2 - 95*f - 9. Calculate m(-42).
453
Let j(x) = 115*x + 2302. Determine j(-20).
2
Let a(o) = o**2 - 125*o - 619. Calculate a(-5).
31
Let x(v) = v**3 + 21*v**2 + 25*v - 43. Give x(-20).
-143
Let c(h) = -h**2 + 5725*h + 34387. Give c(-6).
1
Let j(n) = -13*n**2 + 59*n + 22. Calculate j(8).
-338
Let a(k) = -k**2 + 29*k - 21. Calculate a(12).
183
Let o(y) = -27*y**2 - 3*y + 11. What is o(-3)?
-223
Let x(c) = 5*c - 75. Calculate x(10).
-25
Let p(u) = u**3 + 20*u**2 - 530*u - 183. Determine p(-35).
-8
Let m(r) = -33*r**2 + 35*r + 2. Determine m(2).
-60
Let r(m) = -425*m + 35730. What is r(84)?
30
Let r(u) = -4*u**2 + 44*u - 33. Give r(10).
7
Let r(m) = -2*m**3 - 170*m**2 - m - 89. Calculate r(-85).
-4
Let z(w) = 2*w**3 - 34*w**2 + 59*w - 1029. What is z(17)?
-26
Let h(q) = -3*q**3 - 69*q**2 + 28*q + 658. Give h(-23).
14
Let g(f) = 2*f**2 + 53*f + 195. Give g(-22).
-3
Let s(w) = 58*w + 10657. Determine s(-184).
-15
Let q(d) = -466*d + 3728. Determine q(8).
0
Let k(z) = z**2 - 379*z - 3425. What is k(-9)?
67
Let p(l) = -8*l + 3. What is p(11)?
-85
Let s(h) = 91*h - 559. Give s(6).
-13
Let t(i) = -30*i**2 + 897*i - 23. Calculate t(30).
-113
Let b(v) = -32*v + 256. Determine b(7).
32
Let d(g) = -492*g + 44278. Determine d(90).
-2
Let k(y) = 28*y + 79. What is k(-12)?
-257
Let d(k) = 2*k**3 - 27*k**2 - 22*k + 32. Determine d(14).
-80
Let r(c) = -8*c**2 + 45*c - 7. Give r(-3).
-214
Let t(y) = -920*y + 8325. Calculate t(9).
45
Let s(c) = -8*c**2 + 14*c - 2. Determine s(4).
-74
Let d(x) = -1070*x + 6414. Calculate d(6).
-6
Let r(c) = -2*c + 81. Calculate r(40).
1
Let d(c) = c**3 - 9*c**2 - 2*c - 84. Calculate d(10).
-4
Let t(h) = h**2 + 66*h + 1077. Give t(-25).
52
Let v(k) = -626*k - 3743. Determine v(-6).
13
Let v(t) = t**3 + 23*t**2 + 145*t + 2703. Determine v(-22).
-3
Let v(n) = n**3 - 9*n**2 - 37*n + 11. Give v(12).
-1
Let p(z) = 41*z + 631. What is p(-13)?
98
Let p(j) = -190*j + 2664. Determine p(14).
4
Let d(w) = -82*w - 7778. Give d(-95).
12
Let c(f) = 66*f + 9963. What is c(-151)?
-3
Let a(l) = 3*l**3 - 20*l**2 - 308*l + 14. Calculate a(14).
14
Let w(m) = 82*m + 395. Give w(-4).
67
Let u(f) = -28*f**2 - 21*f - 4. Determine u(-2).
-74
Let r(q) = 12*q**2 - 2*q + 27. Give r(0).
27
Let z(b) = -38*b**3 - 569*b**2 + 19*b + 20. Determine z(-15).
-40
Let j(g) = -85*g + 527. Give j(8).
-153
Let f(w) = 2*w**2 - 26*w + 177. What is f(11)?
133
Let g(r) = 2*r**3 + 7*r**2 + 7*r + 44. Determine g(-4).
0
Let j(v) = -31*v**2 - 3*v + 2. Determine j(-1).
-26
Let x(u) = -u**3 - 4*u**2 + 12*u - 1. Determine x(-6).
-1
Let l(n) = n**2 - 23*n + 2. Give l(23).
2
Let y(r) = 6*r - 57. Give y(-16).
-153
Let q(v) = -402*v - 809. Calculate q(-2).
-5
Let g(v) = -11*v**2 + 168*v - 51. What is g(15)?
-6
Let d(k) = -k**3 + 7*k**2 - 97*k + 654. Calculate d(7).
-25
Let t(p) = p**2 - 62*p + 134. What is t(60)?
14
Let n(y) = -26*y + 83. Calculate n(5).
-47
Let q(w) = -w**3 + 121*w**2 + 249*w - 173. Calculate q(123).
196
Let h(i) = -30173*i + 90515. Determine h(3).
-4
Let g(u) = -73*u - 4827. Give g(-66).
-9
Let f(t) = -78*t + 1433. What is f(15)?
263
Let y(d) = 8*d**2 - 22*d - 93. Determine y(4).
-53
Let v(s) = -s**3 + 128*s - 515. Give v(8).
-3
Let o(q) = 30*q - 1046. What is o(33)?
-56
Let d(b) = -2*b**2 + 2287*b + 13788. Give d(-6).
-6
Let b(z) = -84*z**2 - 86*z - 5. Determine b(-1).
-3
Let t(b) = b**3 - 206*b - 151. Calculate t(-14).
-11
Let t(z) = -2*z**3 - 17*z**2 - 25*z - 8. What is t(-7)?
20
Let o(k) = -k**2 - 64*k - 202. What is o(-61)?
-19
Let d(p) = p**3 - 23*p**2 + 103*p + 20. Calculate d(17).
37
Let x(t) = -1855*t + 20371. Determine x(11).
-34
Let w(v) = v**2 + 24*v + 77. Calculate w(-19).
-18
Let a(f) = -f**2 + 74*f - 702. Determine a(11).
-9
Let j(r) = -r**3 + 32*r**2 - 59*r - 65. What is j(30)?
-35
Let r(h) = 8*h**2 + 80*h - 1555. Determine r(10).
45
Let p(s) = s**2 + 19*s + 25. What is p(-18)?
7
Let a(k) = -27*k**2 + 13*k + 23. Give a(-2).
-111
Let u(o) = -2*o**3 - 90*o**2 - 15*o - 659. Determine u(-45).
16
Let h(z) = 2*z**3 + 10*z**2 + 14*z + 76. What is h(-5)?
6
Let a(c) = 60*c + 904. Determine a(-16).
-56
Let g(n) = 40*n - 158. Calculate g(4).
2
Let n(s) = -2*s**2 + 22*s - 285. What is n(16)?
-445
Let f(w) = -2*w**2 - 615*w - 32050. Determine f(-241).
3
Let a(r) = 7*r**2 + 98*r - 82. Determine a(-17).
275
Let b(p) = 5*p**2 - 81*p - 7. Determine b(18).
155
Let p(q) = -q**3 + 108*q**2 - 2134*q + 166. Calculate p(82).
2
Let t(n) = -17*n**2 - 284*n + 57. Give t(-17).
-28
Let w(z) = -z**3 - z**2 - 47*z - 148. What is w(-3)?
11
Let q(w) = -w**3 - 22*w**2 + 175*w - 22. Give q(-28).
-218
Let o(b) = -93*b - 27805. Determine o(-299).
2
Let r(w) = 6*w**3 - 12*w**2 + 8*w - 9. Determine r(4).
215
Let x(w) = -2*w**3 - 35*w